60 - 5*a**4/24 - a**3/3 - 6*a**2. What are the prime factors of j(10)?
2, 3
Let m = 20 + -18. Suppose -4*v = m*z + 8, z = 5*z + 5*v + 7. What are the prime factors of z?
2
Let j(r) = -3*r - 4 - 3*r + 5*r**2 - 3*r. Let f be j(-6). Suppose 0*g - 5*g = -f. What are the prime factors of g?
2, 23
What are the prime factors of (34 + -14)*765/6?
2, 3, 5, 17
Let f(m) = -2*m**3 + 4*m**2 + 13*m - 12. List the prime factors of f(-6).
2, 3
Suppose h + 8 = 2*h + 3*d, 46 = 3*h - 2*d. Suppose 12*f - h*f = -112. Let c = f - 31. List the prime factors of c.
5
Suppose 0 = -3*m + 48 + 171. Suppose 0 = q - 0*q - m. List the prime factors of q.
73
Suppose -2007 = -5*j + 2*b, 0 = -5*j - 4*b + 1146 + 855. What are the prime factors of j?
401
Suppose -605*o - 17110 = -615*o. What are the prime factors of o?
29, 59
Let v(w) = 78*w**2 + 2*w + 1. Let r be v(-2). List the prime factors of -2 + 4*(0 + r/12).
101
Let o(u) = 2*u**2 - 4*u - 17. Let z be o(11). Suppose z = 3*f - 68. What are the prime factors of f?
83
Let u be (-3)/12 + 21/4. Let x = -54 + 59. Suppose -z = -u*j - 1, -5*z - 46 + 201 = x*j. What are the prime factors of z?
2, 13
Let i be (-1 + -2)/3 + -2. Let r(c) = -3*c**2 - 4*c - 2. Let y be r(i). Let b = y + 39. List the prime factors of b.
2, 11
Suppose 0 = -5*v + 9*v - 20. List the prime factors of (v - 4)*(60 + -1).
59
Let f(s) = s**2 + 10*s + 12. Suppose -3*c - 37 = 5*d - c, 8 = 2*c. Let v be f(d). What are the prime factors of 26/3*v/2?
13
Suppose -58*m + 72*m = 16212. List the prime factors of m.
2, 3, 193
Suppose 277 = 6*j - 1115. Suppose -3*n - j = -4*v - 0*v, -4*n = -5*v + 291. What are the prime factors of v?
5, 11
Let t(d) = 3*d**2 - d - 45. What are the prime factors of t(10)?
5, 7
Let i(r) = -3*r + 3. Let j be i(-5). Suppose 0 = -3*z - 0*z + 4*v + 7, 2*z + 3*v = -j. Let k = z - -36. List the prime factors of k.
3, 11
Let i(x) = -5*x + 59 + 62 + 10*x. List the prime factors of i(0).
11
Suppose 2900 = 5*x + 5*s, -4*x + 1216 = 2*s - 1100. List the prime factors of x.
2, 17
Suppose 0 = 5*r - 0*z - 5*z - 310, 2*z - 47 = -r. Let l = 184 - r. List the prime factors of l.
127
Let h(v) = 3*v - 3. Let l = 21 + 34. Suppose 2*s + 2*s - l = o, 2*o - 55 = -3*s. What are the prime factors of h(s)?
2, 3, 7
Let p be 1/(-4) + 3/12. Let f be p + 15/(-6)*2. Let d = f + 19. List the prime factors of d.
2, 7
Suppose -4*x + 20*x = 10592. What are the prime factors of x?
2, 331
Let s(g) = -g**2 - 3*g + 5. Let t be s(-4). Let v(q) = 3*q**2 + 11*q - 1. Let p be v(-4). Let c = p + t. What are the prime factors of c?
2
Let g(y) = -y**2 - 23*y - 36. Let h be g(-19). Let z = 161 - h. List the prime factors of z.
11
List the prime factors of 4/(-6)*118566/(-84).
941
Let r(c) = 0*c**2 + 8*c**2 - 3*c**2 + 1 - 2*c. Let o = 10 - 12. List the prime factors of r(o).
5
Let h = 15 + -76. Let j = h - -118. Suppose d - 5*x = j, 0 = -4*d + x - 4*x + 320. What are the prime factors of d?
7, 11
Suppose 11*m = 3*m + 24. Suppose 5*q = w + 378 - 1, -q - m*w = -85. List the prime factors of q.
2, 19
Let n(y) = 3*y + 4. Let q be n(-6). Let s be (q/3)/(38/(-171)). Let k = 75 - s. What are the prime factors of k?
2, 3
Let z(j) = -j**3 + 3*j**2 + j - 12. Let h be z(-5). Let n = h - 69. List the prime factors of n.
2, 3, 19
Let o(b) = 8*b + b**3 + 18*b**2 + 3*b - 39*b**2 + 18. What are the prime factors of o(21)?
3, 83
Suppose 3*s + 62 = 206. Suppose 47*w + 142 = s*w. What are the prime factors of w?
2, 71
Suppose -13*r = -18*r + 25. Suppose 0 = -r*x + 597 + 88. List the prime factors of x.
137
Let j = 23 - 20. Suppose j*s + 55 = 8*s. What are the prime factors of s?
11
Let b(v) = 80*v + 54. List the prime factors of b(35).
2, 1427
Let p(c) = 57*c - 20. List the prime factors of p(4).
2, 13
Suppose -61 + 65 = u. Suppose -u*s + m = -415, 2*m - 3*m = -2*s + 205. List the prime factors of s.
3, 5, 7
Let h be ((-2)/(-6))/(3/(-117)). Let j be (-9)/(h/(-4) - 3). Let x = j - -68. List the prime factors of x.
2
Let l = 67 + -63. What are the prime factors of (-2995)/(-15) + l/12?
2, 5
Let v(b) = 6*b - 5 - 6*b**2 + 8*b**2 + 0 - b. Let c be v(-6). Suppose 0 = 5*a - c - 18. What are the prime factors of a?
11
Let h be 1809 + 2 + -5 + 2. Let f be (h/(-24))/(2/(-6)). Suppose b = -i + 64, 4*i - f = -b + 3*b. What are the prime factors of i?
59
Let m = 2115 - 701. List the prime factors of m.
2, 7, 101
Suppose 16 = j - 4*n, -10 = 5*j + 2*n - 4*n. Let r be ((-2)/j)/(6/(-144)). List the prime factors of r/18 + 124/6.
2, 5
Let c(o) = o**2 - 2*o + 4. Let h(n) = -n**2 + 5*n + 10. Let g be h(6). List the prime factors of c(g).
2, 3
Let o = 231 - -58. What are the prime factors of o?
17
Suppose w + 8 = -w. Let f(z) = -16*z - 14. Let n(j) = 5*j + 5. Let t(c) = 4*f(c) + 11*n(c). List the prime factors of t(w).
5, 7
Let j = 1235 - -1011. List the prime factors of j.
2, 1123
Suppose 0 = 27*u - 30*u + 2*o + 1512, o = -4*u + 2005. What are the prime factors of u?
2, 251
Suppose y - 32 = -4*l, -9 = 3*y - 21. Let z = 59 - l. List the prime factors of z.
2, 13
Let c(d) = -70*d - 117. What are the prime factors of c(-11)?
653
Suppose -35 + 37 = x. Suppose 44 = -x*u + 288. List the prime factors of u.
2, 61
What are the prime factors of 42888/66 - 20/(-110)?
2, 5, 13
Suppose -79*l - 11*l + 156780 = 0. What are the prime factors of l?
2, 13, 67
Suppose 3*l + h + 2*h = 21, 0 = -5*l + 4*h - 1. Let p be l/15 - (-2745)/25. Suppose p = 4*a - y + 12, a - y = 26. List the prime factors of a.
2, 3
Suppose 2*b - 6*b = -24. Suppose -b*a + 238 = -194. List the prime factors of a.
2, 3
Let l(g) = 17*g + 1. Let x be l(3). Suppose -3*z + x = -z. Suppose -m = w - z, 4*w + 3*m - 56 = 2*w. What are the prime factors of w?
2, 11
Suppose -w - 3*i - 11 = 0, -5*w + 40 = -0*i - 4*i. Suppose -4 = -2*d, -v + 0*d - 4*d = -5. List the prime factors of (w - 1)*(-19)/v.
19
Let n(r) = 2*r**2 + 14*r + 3. Suppose 0 = -b - 2, -2*x + 3*x = b - 8. What are the prime factors of n(x)?
3, 7
Let f(l) = -l + 4. Let q be f(-6). Suppose 16*u + 112 = 20*u + 2*m, -5*m + 100 = 4*u. Let w = u - q. What are the prime factors of w?
2, 5
Let w(o) = o**2 - 13*o - 16. Let d be w(14). Let a = 46 + d. List the prime factors of a.
2, 11
Suppose 2*g - 2304 = -4*s, -2*g - 3*g = -5*s - 5760. What are the prime factors of g?
2, 3
Suppose -8 = 5*g - 28. Suppose 297 - 15 = g*o - 3*k, 5*o = -k + 343. What are the prime factors of o?
3, 23
Suppose -25 = 5*d - 0*w + 5*w, -4*w = 3*d + 14. Let m(y) = -y - 7. Let k be m(d). List the prime factors of 1*((0 - -4) + k).
3
Let c = -14 - 124. Let r be ((-1)/2)/(3/c). Let d = r - -3. List the prime factors of d.
2, 13
Let h be (12/(-10))/(6/20). Let x be -28 + (-3 + -1)/h. What are the prime factors of -2*2/6*x?
2, 3
Suppose -20 = r - 60. Let l = r + -7. List the prime factors of l.
3, 11
Suppose -5*g - 155 - 47 = h, -3*g = -3*h - 534. Let y = 53 - h. What are the prime factors of y?
5, 47
Let n = 20 + -8. Let q be 8/n + 470/15. Let d = q + 19. List the prime factors of d.
3, 17
Let w = 391 + -77. Suppose -2*d - d + 2*n = -w, -5*d = 2*n - 502. What are the prime factors of d?
2, 3, 17
Let z(f) = f + 12. Let l be z(-10). Let o(y) = -y**3 - y**2 + 5*y - 3. Let k be o(-5). Suppose k = 2*p + l*p. What are the prime factors of p?
2, 3
Let n be (36/16 + 1 - 2)*-12. Let q(j) = j**3 + 14*j**2 - 15*j + 13. What are the prime factors of q(n)?
13
Let i(r) be the second derivative of r**4/12 + 5*r**3/6 + 3*r**2/2 + 7*r. Let f be i(-2). What are the prime factors of 9 + (f - 2/(-1))?
2
Suppose m - 161 = -5*k + 739, 0 = 3*m + k - 2728. List the prime factors of m.
2, 5, 7, 13
Suppose -45*w + 64 = 559. Suppose 2*y + 2*p - 68 = 0, 2*y + 3*p + 2*p - 59 = 0. Let v = y - w. List the prime factors of v.
2, 3
Let a be 0 - (-2 - (-1 + 2)). Suppose q = n + 81, 2*n + a = n. List the prime factors of q.
2, 3, 13
Let z(c) = c**2 + 7*c - 8. Let j be z(-6). Let u(w) = -3*w + 10. List the prime factors of u(j).
2, 13
Let y be (-2 + (-1)/(-2))*18. Let p = y + 38. Let i = 14 + p. List the prime factors of i.
5
Let i(m) = 23*m + 390. List the prime factors of i(41).
31, 43
List the prime factors of -5 - 6 - -1335 - 10.
2, 3, 73
Suppose 309 = g - 564. What are the prime factors of g?
3, 97
Let j be (-6)/18 + 59/(-3). Let p = j + 116. Suppose -3*n - 21 = -p. What are the prime f